inder when z(-1) is divided by 42.
40
Let j = -4 - -6. Let h(f) = -5*f + 11. Let z be h(3). What is the remainder when 10 - (6 + z + 2) is divided by j?
0
Suppose 4*b - g = 6 + 961, -3*g - 732 = -3*b. Calculate the remainder when b is divided by 35.
31
Let c = 1116 - 1100. What is the remainder when 60 is divided by c?
12
Let i(s) = s**3 + 7*s**2 + 2*s - 10. Let n be 3 + (-25)/(-1 - 4). Let v be (-9)/12*(n + 0). What is the remainder when i(v) is divided by 5?
4
Let c(g) = -5*g - 12. Calculate the remainder when 244 is divided by c(-26).
8
Let v(s) = -6*s - 4. Let n be v(-5). Suppose 0 = 2*y - 4*y + n. What is the remainder when 51 is divided by y?
12
Suppose 11 = 5*c - 4. Suppose 13*h + c*h = 304. What is the remainder when 149 is divided by h?
16
Suppose 49*g - 6400 = 9*g. Calculate the remainder when g is divided by 81.
79
What is the remainder when (-88668)/(-180) + 3/(-5) is divided by 17?
16
Suppose 5*x - 5 = 5*q, 2*q + 3*x = 7*q - 1. Suppose q*d + d + 30 = 4*t, 2*t - 30 = 4*d. Calculate the remainder when (-3)/d + 244/8 is divided by 8.
7
What is the remainder when 126 is divided by 27 + 2/13 + (-1742)/338?
16
Suppose -36*g = -326 - 1798. Calculate the remainder when g is divided by 37.
22
Let c(o) = o**2 + o + 110. Let d(q) = q**2 + 7*q - 32. What is the remainder when c(0) is divided by d(-12)?
26
Let p = 14 + -14. Suppose 4*j - 32 = -l, -2*l = -j - p*j - 55. What is the remainder when 26 is divided by l/3*12/8?
12
Let c(z) = -9*z - 11*z + 15*z + 24 - z**2. Calculate the remainder when 15 is divided by c(-7).
5
Let w = -117 - -123. Let i(n) = -n**2 - 2*n + 2. Let j be i(-2). Suppose -j*v + 6 = v. What is the remainder when w is divided by v?
0
Let f(w) = -w + 2. Let c be f(-4). Suppose -y = -c*y + 25. Calculate the remainder when y is divided by 2.
1
Suppose 4*l - 3*k - 79 = 0, 2*l - 6*k - 35 = -9*k. What is the remainder when 37 is divided by l?
18
Let c(b) = -4*b - 14. Suppose -2*s - 5*r + 23 = -3*s, 2*s + 5*r = -1. Calculate the remainder when 88 is divided by c(s).
16
Suppose 0*g - 3*g = -12. Suppose -2*j + 153 = 4*o - 41, -g*j = 2*o - 112. Let x = -1072 + 1089. Calculate the remainder when o is divided by x.
12
Suppose j + 2*f - 132 = -3*j, 4*f - 8 = 0. Let b = -96 + 76. Let g = j + b. Calculate the remainder when 20 is divided by g.
8
Suppose -h + 4 = -2*h. Let u(r) = -r**3 - 3*r**2 - 5*r - 5. Suppose 2*m = b + 30, 3*m = 4*m - b - 13. What is the remainder when u(h) is divided by m?
14
Suppose 10*s = -4*a + 7*s + 4, -2*s + 12 = 5*a. What is the remainder when 6 is divided by a?
2
Suppose 2*j - 3*g - 68 = -2*g, -5*j + 169 = -2*g. Suppose 0 = -3*f - 3*i + 2*i + 388, 4*f + 5*i = 499. What is the remainder when f is divided by j?
32
Let l be -15*((-2)/(-2))/((-10)/28). Suppose -10*p = -7*p - l. Suppose -5*g + 131 = 3*o, 3*g + o - 27 = 2*g. Calculate the remainder when g is divided by p.
11
Let c = -78 - -150. What is the remainder when c is divided by 36?
0
Suppose 2*k - 1 + 0 = -3*c, -c - 5*k - 17 = 0. Suppose -33 = -c*a - 6. Calculate the remainder when 151 is divided by a.
7
Suppose 8*s + 10 = 178. What is the remainder when 101 is divided by s?
17
Suppose -3*s + 424 = 5*s. Let k(l) = -l**2 - 7*l + 1. What is the remainder when s is divided by k(-5)?
9
Suppose -5*r + 12 = -2*r. Suppose r*o = -2*p + o + 26, -p - 5*o = -20. Calculate the remainder when 19 is divided by p.
9
Let u be (-1)/(4/6*(-3)/(-6)). Let y = 17 - 27. What is the remainder when 10 is divided by (-2)/u*-3 - y?
2
Let r(m) = m**3 - 4*m + 2. Let p(y) = -y + 3. Let f be p(-9). Let u = -9 + f. Calculate the remainder when r(u) is divided by 9.
8
Suppose 5*m = 8 - 23, 89 = 2*k + m. Let x = 21 - -115. Calculate the remainder when x is divided by k.
44
Suppose -5*w - 1521 = -14*w. What is the remainder when w is divided by 33?
4
Suppose -86*q = -74*q - 36. Suppose -4*s = 5*d - 95, 4*d - 2*s = -7*s + 67. What is the remainder when d is divided by q?
2
Let w be (-3 - (3 - -64))*-2. Let j = w - 95. Calculate the remainder when j is divided by 26.
19
Suppose 3*l - 4*x = 589, -13*x = -15*x + 10. What is the remainder when l is divided by 47?
15
Let t = -1123 - -1202. What is the remainder when 383 is divided by t?
67
Let z = 10 - 2. Let j(q) be the first derivative of q**4/4 - q**3/3 - q**2 + 2*q - 1. What is the remainder when j(3) is divided by z?
6
Let y(t) = -7 - 5 - 17*t + 9 - t**2. What is the remainder when y(-16) is divided by 4?
1
Let v = -96 + 133. Let k = -5 + 15. What is the remainder when v is divided by k?
7
Let x = -401 - -403. What is the remainder when 66 is divided by x?
0
Let r be ((-280)/(-3))/(-1)*(-12)/(-10). Calculate the remainder when (r/20)/(-7)*(-120)/(-1) is divided by 7.
5
Suppose 9*w - 52 + 16 = 0. What is the remainder when 18 is divided by w?
2
Suppose -79 = -3*y + 4*g - 12, y = 5*g + 15. Calculate the remainder when 822 is divided by y.
22
Let u(g) = -g + 4. Let k be u(-1). Suppose -65 = -k*z - 25. What is the remainder when 23 is divided by z?
7
Let a(m) = 2*m**2 - 3*m + 3. Let l(n) = -3*n**3 + n**2 + n. Let o be l(-1). Let g(r) = -r**2 - 8*r + 40. What is the remainder when a(o) is divided by g(-11)?
5
Let a = -198 - -249. What is the remainder when 151 is divided by a?
49
Let y(m) = 3*m**2 - 2*m - 29. What is the remainder when y(5) is divided by 6?
0
Let g = -1047 + 1105. Calculate the remainder when 105 is divided by g.
47
Let s(b) = 2*b**2 - 8*b + 3. Let t = 6 - 7. Let h(y) = -13*y**3 - y**2 - y - 1. What is the remainder when s(7) is divided by h(t)?
9
Let a = 31 + -20. Suppose -5*m = -7*m - 4. Calculate the remainder when (m/(-4))/(2/208) is divided by a.
8
Let d(s) = 2*s**2 + 3 - 3 + 10 - 4*s. Calculate the remainder when d(3) is divided by 4.
0
Let t(l) = 24*l + 53. What is the remainder when t(6) is divided by 67?
63
Suppose 5*c = 3*t - 4*t + 26, 0 = -2*t + 4*c + 10. What is the remainder when 34 is divided by t?
1
Let m(h) = -h**2 + 5. Let n be m(0). Suppose o + 0*x - n*x = 51, 0 = -4*o - 2*x + 160. Let w = 88 - o. What is the remainder when w is divided by 25?
22
Suppose -2*u + 136 = -6. What is the remainder when (-5)/((-10)/u)*2 is divided by 24?
23
Let r(g) = -g**3 - 22*g**2 - 71*g + 40. Calculate the remainder when r(-18) is divided by 5.
2
Let m be (-152)/(-32) + 0 + (-1)/(-4). Suppose 6*r = 3*r + 15, -m*f + 4*r + 570 = 0. Calculate the remainder when f is divided by 30.
28
Suppose -127*d - 923 = -140623. What is the remainder when d is divided by 16?
12
Suppose -6*g = -33*g + 1107. Calculate the remainder when 160 is divided by g.
37
Let l = 16 + 2. Suppose 0 = -o - k - 2*k - 2, -l = -4*o + k. Calculate the remainder when 19 is divided by (14/4)/(2/o).
5
Let k = 5895 + -5809. Calculate the remainder when k is divided by (2 - 1)/(1/29).
28
Suppose 2276 = 4*k + 2*b, -2*b + 2143 = 5*k - 700. What is the remainder when k is divided by 15?
12
Suppose -4*u = -9*u + 270. Let c = u - 33. Let y = 12 - 6. Calculate the remainder when c is divided by y.
3
Let n = -144 - -224. Let p = -51 + n. What is the remainder when 143 is divided by p?
27
Let u = -2 - -49. Let s = u - 19. Calculate the remainder when s is divided by 10.
8
Suppose -5*t - 21 = -71. What is the remainder when (76 - -2)*7/14 is divided by t?
9
Let p = -5 - -8. Suppose 256 = 17*x + 15*x. What is the remainder when x is divided by p?
2
Let r(w) = w**3 - 16*w**2 - 6*w - 54. Calculate the remainder when r(17) is divided by 27.
25
Let i(f) = f**3 + 13*f**2 - 5*f - 2. What is the remainder when i(-13) is divided by (26/3)/(4/6)?
11
Suppose 2*s - 269 = 5*t, s + 7*t - 136 = 10*t. Calculate the remainder when s is divided by 65.
62
Calculate the remainder when (-8)/(16/(-3))*2036/6 is divided by 64.
61
Suppose -11*r - 295 = -1032. Calculate the remainder when 227 is divided by r.
26
Suppose 9*f - 7*f + 436 = p, 3*p - 1328 = 2*f. Calculate the remainder when p is divided by 9.
5
Suppose -18174 = 1383*f - 1389*f. Calculate the remainder when f is divided by 101.
100
Let n(z) be the first derivative of z**2/2 + 27*z - 1. Let w = -1878 - -1893. What is the remainder when n(0) is divided by w?
12
Let y = -121 - -136. Suppose 5*l = -3*x + l + 388, -5*l = -3*x + 406. Calculate the remainder when x is divided by y.
12
Let s = -138 + 178. What is the remainder when 65 is divided by